e remainder when z is divided by 73.
71
Let q = 265 - 262. Suppose 0 = -i - 2*c + 14, 2*i = 4*c + q - 15. What is the remainder when 18 is divided by i?
2
Suppose -12*m - 13438 = -13810. What is the remainder when 1734 is divided by m?
29
Let w = -3890 - -3924. Calculate the remainder when 112 is divided by w.
10
Suppose -2*x - 4 = 0, 4*v = 15*x - 17*x + 1360. What is the remainder when v is divided by 30?
11
What is the remainder when 56975/(-530)*(-284)/10 is divided by 27?
2
Suppose -o + 2 = -3. Let q(j) = j. Let b be q(o). Suppose b*m - 6 - 29 = 0. What is the remainder when 11 is divided by m?
4
Suppose -u - 51 = -2*l, 16*l - 19*l + 59 = 2*u. Let s be (-1 - 21)/(-5 - -6). Let d = -16 - s. What is the remainder when l is divided by d?
5
Suppose 5*h - 445 = -0*h. Let a(l) = 18*l + 16*l + 28*l - 54*l + 89. Calculate the remainder when h is divided by a(-10).
8
Let t = 490029 + -489974. Calculate the remainder when t is divided by (0 - -4)*(-19)/(-4).
17
Let w(t) = t**2 - 20*t + 13. Let s be w(19). What is the remainder when (-31 - -159) + 3/(s/10) is divided by 66?
57
Let a(d) = 2*d**2 + 4*d + 11. Let s be (16/(-10))/((-2)/10). What is the remainder when a(s) is divided by (-344)/(-6)*(-39)/(-208)*4?
42
Let o = -4628 + 4645. What is the remainder when 4436 is divided by o?
16
Suppose -3*a + 274 = 2*x, a - 35 = 5*x + 45. Let j(o) = 197*o + 2099. Let k be j(-11). Let u = a + k. What is the remainder when u is divided by 14?
8
Let m be (15/(-3))/((-4)/4*1). Suppose -m*j + 8 = -22. What is the remainder when 10 is divided by j?
4
Suppose -3*m + h - 8 = 4, 5*m = 5*h - 20. Let d be -4 + 3 + m/2. What is the remainder when 55 is divided by (3 + d)/(-5) - -29?
26
Let z(q) = -q**2 - 5*q + 238. Let t be z(0). Let d = t - 64. What is the remainder when d is divided by 47?
33
Suppose -4*c - 166 = 8202*t - 8205*t, -117 = -3*t - 3*c. Calculate the remainder when ((-62)/3)/(2/(-9)) is divided by t.
1
Let g = -54 - -117. Suppose 0 = -k + x + 36 + 16, 5*k - 3*x - 262 = 0. Suppose -23*j = -453 - k. Calculate the remainder when g is divided by j.
19
Suppose 82*r + 127*r - 715500 = 50*r. Calculate the remainder when r is divided by 282.
270
Let y = -510 - -561. Suppose 2*n = -3*p + 5*n + 183, -y = -p + 3*n. What is the remainder when 326 is divided by p?
62
Suppose 1 + 2 = n. Let c = -2282 - -2284. Suppose -6 = -c*l, -s + n + 4 = l. What is the remainder when 5 is divided by s?
1
Suppose 0 = 3*q - 4*a - 65, 40 = 2*q - 4*a - 2. Let g = 132 + -103. Let x = g + -26. Calculate the remainder when q is divided by x.
2
Suppose 0 = -17*l + 13*l + 1352. Let b = l - 251. Calculate the remainder when b is divided by 6.
3
Suppose 4*h = -3*u - 2, -240*u - 4*h = -245*u + 18. What is the remainder when 247 is divided by u?
1
Let d(b) = -80*b - 242. Let n be d(-6). Let h = n - 229. What is the remainder when 15 is divided by h?
6
Suppose -2*x = -0*g - 3*g + 101, -5*g - 2*x = -179. Let o = 21499 + -21478. What is the remainder when g is divided by o?
14
Suppose -2*i - 3*g + 3 = 0, -16 = -5*i - 3*g + 5. Suppose -3*l - 24499 = -24700. What is the remainder when l is divided by (i + -7)/(2/(-48))?
19
Let m = 2265 - 2134. Let g = -6 + 2. Let o(w) = -w**2 - 9*w + 2. What is the remainder when m is divided by o(g)?
21
Suppose 25 = -a + 3*c, 10 = -4*c - 10. Let t = 123 + a. Let w = t + -34. What is the remainder when 144 is divided by w?
46
Suppose 4*k = 70 + 46. Calculate the remainder when -26 + 38 - -11 - -28 is divided by k.
22
Let c(z) = 33*z + 122. Let x be c(-4). Let m = -3 + 7. Calculate the remainder when 74 is divided by (54/15 + m)/((-2)/x).
36
Suppose 8468*d = 8504*d - 9504. Calculate the remainder when d is divided by 196.
68
Let l = -554 - -834. Let f(t) = t**3 - 12*t**2 - 12*t - 13. Let v be f(13). Suppose 32*r - 27*r - l = v. What is the remainder when r is divided by 29?
27
Suppose 87 = u - 16. Let j = 106 - u. What is the remainder when j is divided by 1?
0
Suppose 2*i + 11*w = 16*w + 44, 0 = 3*i + 2*w - 66. Suppose i*v - 35*v + 377 = 0. What is the remainder when 143 is divided by v?
27
Let b(m) = -m**3 - 5*m**2 - 4*m - 3. Let i be b(-4). Let d = i - -58. Let j = 99 - d. Calculate the remainder when j is divided by 16.
12
Let n = -2620 - -1866. Let d = n - -844. Calculate the remainder when d is divided by 7.
6
Let m = -3669 - -3779. Suppose -3*z - 127 = -2*u - 0*z, -143 = -3*u - 5*z. Calculate the remainder when m is divided by u.
54
Let o = -2339 - -2831. Calculate the remainder when o is divided by 68.
16
Let h be ((-1306)/(-4))/((-78)/156). Let s = h + 671. Calculate the remainder when (-2)/(3*4/(-306)) is divided by s.
15
Let a(y) = 429*y - 6. Let h be a(4). Let c be ((-8)/10)/(h/(-425) - -4). Suppose 144 = -c*q + 37*q. What is the remainder when q is divided by 26?
22
Let w(m) = -5*m**2 + 126*m - 1331. Let n(k) = -k**2 + 25*k - 266. Let q(t) = -11*n(t) + 2*w(t). Calculate the remainder when q(0) is divided by 7.
5
Let j = 14608 + -14468. What is the remainder when 1390 is divided by j?
130
Suppose 3*v - c = v - 4, 0 = 4*v + 2*c - 8. Suppose -3*j - 21 = -4*p, -14*p + 10*p - 4*j + 56 = v. Calculate the remainder when 49 is divided by p.
4
Let o = -30427 + 31210. Calculate the remainder when 3921 is divided by o.
6
Let u = -55370 + 55380. What is the remainder when (-2 + 0)/2 - -67 is divided by u?
6
Let a(t) = t**3 + 5*t**2 - 5. Let x be a(-3). Suppose 26 = 3*o - x. Suppose -2*c = 10, 57 = 2*k - 2*c + 5*c. Calculate the remainder when k is divided by o.
10
What is the remainder when 160 is divided by (288/15)/((-4)/1 - 3154/(-760))?
32
Suppose -5*l = -z - 18, -12*l = -16*l - 4*z + 24. Let o(h) = -h**2 + 9*h + 12. Suppose -d - 3*d + 40 = 0. Calculate the remainder when l is divided by o(d).
0
Let n be 8/(-16) + 1 - 3634/(-4). Suppose n = -23*o + 3416. Calculate the remainder when o is divided by 22.
21
Let i(s) = -23*s + 34. Calculate the remainder when 136 is divided by i(-2).
56
Suppose 2*w = 4*w - 32. Let b be 1662/10 + w/(-80). Suppose 157 = n - 2*k, -n + 4*k + b = -k. Calculate the remainder when n is divided by 38.
37
Let r(m) = m**3 + 14*m**2 + 23*m - 10. Let q be r(-12). Suppose -q*g + 176 = -166. Calculate the remainder when g is divided by 0 - (-1 + 2) - -59.
55
Let y = -398 + 470. Calculate the remainder when y is divided by 6*(-2)/((-12)/11).
6
Suppose -393*d = -175432 - 301277. Calculate the remainder when d is divided by 29.
24
Let v = 503 - 210. Suppose v = 15*g - 742. Calculate the remainder when 208 is divided by g.
1
Suppose -6*g = -1201 + 271. Suppose x + 4*x = g. Let l(c) = c**3 - 10*c**2 + 20*c - 12. Calculate the remainder when x is divided by l(8).
11
Let f = 335 - 259. Suppose 15*i - 74 = f. Suppose -z = 2*z - 18. What is the remainder when i is divided by z?
4
Let x(h) = 3*h - 19. Let r be x(7). Calculate the remainder when 1/r + 1744/32 is divided by 30.
25
Let b(g) = -1 + 2*g**2 + 0*g - 2*g - 2*g + 5*g. Let a = 4715 + -4705. Calculate the remainder when b(4) is divided by a.
5
Let x be (-4 + -6)*63/15. Let q = x + 75. Calculate the remainder when 71 is divided by q.
5
Suppose -4*m + 4*j = -520, m - j = -3*m + 523. Suppose -1039 = -13*c + m. What is the remainder when c is divided by 35?
20
Let o(d) be the second derivative of -d**4/12 - 10*d**3/3 + 11*d**2/2 - 5*d. What is the remainder when o(-15) is divided by (25/(-10))/((-1)/(-2)) + 49?
42
Suppose 0*z = -5*z + 115. Let n(o) = -2*o**3 - 4*o**2 - 2*o + 4. Suppose -17 = 3*m - 11. What is the remainder when z is divided by n(m)?
7
Suppose -25 = -2*j - 105. Let x = j - -81. Let g = x + -30. What is the remainder when 20 is divided by g?
9
Let f(d) = -43*d - 84. Let q be f(-2). Suppose 3*z - 123 = -q*m, 3*z - 149 - 43 = -3*m. Suppose 72 = i + 3*i. What is the remainder when m is divided by i?
15
Let k(c) = c**3 - 10*c**2 - 29*c + 31. Let m be k(13). Suppose 17 = t + 3*u, -2*u = -5*t + 2*u + m. What is the remainder when 114 is divided by t?
27
What is the remainder when 909 is divided by ((-35)/(-14))/5*130?
64
Suppose -66 = 362*t - 364*t. Suppose 3*u - 5*f - 67 = t, 130 = 5*u - f. What is the remainder when u is divided by 4?
1
Let g be ((-6)/(-15))/(-6 + (-186)/(-30)). Suppose g*w = 20*x - 15*x - 124, 2*x - 4*w = 56. What is the remainder when 284 is divided by x?
20
Let m be -15*(